{"id":673,"date":"2022-07-03T20:47:34","date_gmt":"2022-07-03T23:47:34","guid":{"rendered":"https:\/\/allprot.com.br\/web\/?post_type=tratamentos&#038;p=673"},"modified":"2022-07-03T20:47:34","modified_gmt":"2022-07-03T23:47:34","slug":"tratamento-contra-radiacao-uv","status":"publish","type":"tratamentos","link":"https:\/\/allprot.com.br\/web\/tratamentos\/tratamento-contra-radiacao-uv\/","title":{"rendered":"TRATAMENTO CONTRA RADIA\u00c7\u00c3O UV"},"content":{"rendered":"\n<p>\u00c9 vital que o olho esteja adequadamente protegido contra os efeitos prejudiciais da radia\u00e7\u00e3o ultravioleta. Essa radia\u00e7\u00e3o, normalmente presente na luz solar e em ambientes a c\u00e9u aberto, tamb\u00e9m pode ser encontrada em l\u00e2mpadas especificas e equipamentos eletr\u00f4nicos.<\/p>\n\n\n\n<p>Seus efeitos nocivos tamb\u00e9m podem ser amplificados em superf\u00edcies como \u00e1gua, neve, areia branca e at\u00e9 superf\u00edcies met\u00e1licas. Os danos decorrentes de sua exposi\u00e7\u00e3o s\u00e3o acumulativos e permanentes, levando a doen\u00e7as como a catarata laboral e, em alguns casos, c\u00e2ncer de pele. Como a regi\u00e3o dos olhos tem uma camada fina e sens\u00edvel de pele, nada melhor do que proteger seus olhos desses efeitos nocivos.<\/p>\n\n\n\n<p>Ao contrario do que muitos pensam, lentes incolores tamb\u00e9m podem ter prote\u00e7\u00e3o adicional contra radia\u00e7\u00e3o ultravioleta, n\u00e3o necessitando de qualquer colora\u00e7\u00e3o extra.<\/p>\n","protected":false},"featured_media":0,"template":"","acf":[],"yoast_head":"<!-- This site is optimized with the Yoast SEO plugin v20.6 - https:\/\/yoast.com\/wordpress\/plugins\/seo\/ -->\n<title>TRATAMENTO CONTRA RADIA\u00c7\u00c3O UV - Allprot - Materiais de Seguran\u00e7a<\/title>\n<meta name=\"robots\" content=\"index, follow, max-snippet:-1, max-image-preview:large, max-video-preview:-1\" \/>\n<link rel=\"canonical\" href=\"https:\/\/allprot.com.br\/web\/tratamentos\/tratamento-contra-radiacao-uv\/\" \/>\n<meta property=\"og:locale\" content=\"pt_BR\" \/>\n<meta property=\"og:type\" content=\"article\" \/>\n<meta property=\"og:title\" content=\"TRATAMENTO CONTRA RADIA\u00c7\u00c3O UV - Allprot - Materiais de Seguran\u00e7a\" \/>\n<meta property=\"og:description\" content=\"\u00c9 vital que o olho esteja adequadamente protegido contra os efeitos prejudiciais da radia\u00e7\u00e3o ultravioleta. Essa radia\u00e7\u00e3o, normalmente presente na luz solar e em ambientes a c\u00e9u aberto, tamb\u00e9m pode ser encontrada em l\u00e2mpadas especificas e equipamentos eletr\u00f4nicos. Seus efeitos nocivos tamb\u00e9m podem ser amplificados em superf\u00edcies como \u00e1gua, neve, areia branca e at\u00e9 superf\u00edcies [&hellip;]\" \/>\n<meta property=\"og:url\" content=\"https:\/\/allprot.com.br\/web\/tratamentos\/tratamento-contra-radiacao-uv\/\" \/>\n<meta property=\"og:site_name\" content=\"Allprot - Materiais de Seguran\u00e7a\" \/>\n<meta name=\"twitter:card\" content=\"summary_large_image\" \/>\n<meta name=\"twitter:label1\" content=\"Est. tempo de leitura\" \/>\n\t<meta name=\"twitter:data1\" content=\"1 minuto\" \/>\n<script type=\"application\/ld+json\" class=\"yoast-schema-graph\">{\"@context\":\"https:\/\/schema.org\",\"@graph\":[{\"@type\":\"WebPage\",\"@id\":\"https:\/\/allprot.com.br\/web\/tratamentos\/tratamento-contra-radiacao-uv\/\",\"url\":\"https:\/\/allprot.com.br\/web\/tratamentos\/tratamento-contra-radiacao-uv\/\",\"name\":\"TRATAMENTO CONTRA RADIA\u00c7\u00c3O UV - Allprot - Materiais de Seguran\u00e7a\",\"isPartOf\":{\"@id\":\"https:\/\/allprot.com.br\/web\/#website\"},\"datePublished\":\"2022-07-03T23:47:34+00:00\",\"dateModified\":\"2022-07-03T23:47:34+00:00\",\"breadcrumb\":{\"@id\":\"https:\/\/allprot.com.br\/web\/tratamentos\/tratamento-contra-radiacao-uv\/#breadcrumb\"},\"inLanguage\":\"pt-BR\",\"potentialAction\":[{\"@type\":\"ReadAction\",\"target\":[\"https:\/\/allprot.com.br\/web\/tratamentos\/tratamento-contra-radiacao-uv\/\"]}]},{\"@type\":\"BreadcrumbList\",\"@id\":\"https:\/\/allprot.com.br\/web\/tratamentos\/tratamento-contra-radiacao-uv\/#breadcrumb\",\"itemListElement\":[{\"@type\":\"ListItem\",\"position\":1,\"name\":\"Home\",\"item\":\"https:\/\/allprot.com.br\/web\/\"},{\"@type\":\"ListItem\",\"position\":2,\"name\":\"TRATAMENTO CONTRA RADIA\u00c7\u00c3O UV\"}]},{\"@type\":\"WebSite\",\"@id\":\"https:\/\/allprot.com.br\/web\/#website\",\"url\":\"https:\/\/allprot.com.br\/web\/\",\"name\":\"Allprot - Materiais de Seguran\u00e7a\",\"description\":\"Fabricante de \u00f3culos de seguran\u00e7a com lentes graduadas. A maior oferta de arma\u00e7\u00f5es do mercado brasileiro. Prazo de entrega imbat\u00edvel e as melhores condi\u00e7\u00f5es comerciais que voc\u00ea pode querer. Atendimento em todo o territ\u00f3rio nacional e mais de 3.000 pontos de atendimento.\",\"publisher\":{\"@id\":\"https:\/\/allprot.com.br\/web\/#organization\"},\"potentialAction\":[{\"@type\":\"SearchAction\",\"target\":{\"@type\":\"EntryPoint\",\"urlTemplate\":\"https:\/\/allprot.com.br\/web\/?s={search_term_string}\"},\"query-input\":\"required name=search_term_string\"}],\"inLanguage\":\"pt-BR\"},{\"@type\":\"Organization\",\"@id\":\"https:\/\/allprot.com.br\/web\/#organization\",\"name\":\"Allprot - Materiais de Seguran\u00e7a\",\"url\":\"https:\/\/allprot.com.br\/web\/\",\"logo\":{\"@type\":\"ImageObject\",\"inLanguage\":\"pt-BR\",\"@id\":\"https:\/\/allprot.com.br\/web\/#\/schema\/logo\/image\/\",\"url\":\"https:\/\/allprot.com.br\/web\/wp-content\/uploads\/2022\/07\/cropped-Favicon-2.png\",\"contentUrl\":\"https:\/\/allprot.com.br\/web\/wp-content\/uploads\/2022\/07\/cropped-Favicon-2.png\",\"width\":512,\"height\":382,\"caption\":\"Allprot - Materiais de Seguran\u00e7a\"},\"image\":{\"@id\":\"https:\/\/allprot.com.br\/web\/#\/schema\/logo\/image\/\"}}]}<\/script>\n<!-- \/ Yoast SEO plugin. -->","yoast_head_json":{"title":"TRATAMENTO CONTRA RADIA\u00c7\u00c3O UV - Allprot - Materiais de Seguran\u00e7a","robots":{"index":"index","follow":"follow","max-snippet":"max-snippet:-1","max-image-preview":"max-image-preview:large","max-video-preview":"max-video-preview:-1"},"canonical":"https:\/\/allprot.com.br\/web\/tratamentos\/tratamento-contra-radiacao-uv\/","og_locale":"pt_BR","og_type":"article","og_title":"TRATAMENTO CONTRA RADIA\u00c7\u00c3O UV - Allprot - Materiais de Seguran\u00e7a","og_description":"\u00c9 vital que o olho esteja adequadamente protegido contra os efeitos prejudiciais da radia\u00e7\u00e3o ultravioleta. Essa radia\u00e7\u00e3o, normalmente presente na luz solar e em ambientes a c\u00e9u aberto, tamb\u00e9m pode ser encontrada em l\u00e2mpadas especificas e equipamentos eletr\u00f4nicos. Seus efeitos nocivos tamb\u00e9m podem ser amplificados em superf\u00edcies como \u00e1gua, neve, areia branca e at\u00e9 superf\u00edcies [&hellip;]","og_url":"https:\/\/allprot.com.br\/web\/tratamentos\/tratamento-contra-radiacao-uv\/","og_site_name":"Allprot - Materiais de Seguran\u00e7a","twitter_card":"summary_large_image","twitter_misc":{"Est. tempo de leitura":"1 minuto"},"schema":{"@context":"https:\/\/schema.org","@graph":[{"@type":"WebPage","@id":"https:\/\/allprot.com.br\/web\/tratamentos\/tratamento-contra-radiacao-uv\/","url":"https:\/\/allprot.com.br\/web\/tratamentos\/tratamento-contra-radiacao-uv\/","name":"TRATAMENTO CONTRA RADIA\u00c7\u00c3O UV - Allprot - Materiais de Seguran\u00e7a","isPartOf":{"@id":"https:\/\/allprot.com.br\/web\/#website"},"datePublished":"2022-07-03T23:47:34+00:00","dateModified":"2022-07-03T23:47:34+00:00","breadcrumb":{"@id":"https:\/\/allprot.com.br\/web\/tratamentos\/tratamento-contra-radiacao-uv\/#breadcrumb"},"inLanguage":"pt-BR","potentialAction":[{"@type":"ReadAction","target":["https:\/\/allprot.com.br\/web\/tratamentos\/tratamento-contra-radiacao-uv\/"]}]},{"@type":"BreadcrumbList","@id":"https:\/\/allprot.com.br\/web\/tratamentos\/tratamento-contra-radiacao-uv\/#breadcrumb","itemListElement":[{"@type":"ListItem","position":1,"name":"Home","item":"https:\/\/allprot.com.br\/web\/"},{"@type":"ListItem","position":2,"name":"TRATAMENTO CONTRA RADIA\u00c7\u00c3O UV"}]},{"@type":"WebSite","@id":"https:\/\/allprot.com.br\/web\/#website","url":"https:\/\/allprot.com.br\/web\/","name":"Allprot - Materiais de Seguran\u00e7a","description":"Fabricante de \u00f3culos de seguran\u00e7a com lentes graduadas. A maior oferta de arma\u00e7\u00f5es do mercado brasileiro. Prazo de entrega imbat\u00edvel e as melhores condi\u00e7\u00f5es comerciais que voc\u00ea pode querer. Atendimento em todo o territ\u00f3rio nacional e mais de 3.000 pontos de atendimento.","publisher":{"@id":"https:\/\/allprot.com.br\/web\/#organization"},"potentialAction":[{"@type":"SearchAction","target":{"@type":"EntryPoint","urlTemplate":"https:\/\/allprot.com.br\/web\/?s={search_term_string}"},"query-input":"required name=search_term_string"}],"inLanguage":"pt-BR"},{"@type":"Organization","@id":"https:\/\/allprot.com.br\/web\/#organization","name":"Allprot - Materiais de Seguran\u00e7a","url":"https:\/\/allprot.com.br\/web\/","logo":{"@type":"ImageObject","inLanguage":"pt-BR","@id":"https:\/\/allprot.com.br\/web\/#\/schema\/logo\/image\/","url":"https:\/\/allprot.com.br\/web\/wp-content\/uploads\/2022\/07\/cropped-Favicon-2.png","contentUrl":"https:\/\/allprot.com.br\/web\/wp-content\/uploads\/2022\/07\/cropped-Favicon-2.png","width":512,"height":382,"caption":"Allprot - Materiais de Seguran\u00e7a"},"image":{"@id":"https:\/\/allprot.com.br\/web\/#\/schema\/logo\/image\/"}}]}},"_links":{"self":[{"href":"https:\/\/allprot.com.br\/web\/wp-json\/wp\/v2\/tratamentos\/673"}],"collection":[{"href":"https:\/\/allprot.com.br\/web\/wp-json\/wp\/v2\/tratamentos"}],"about":[{"href":"https:\/\/allprot.com.br\/web\/wp-json\/wp\/v2\/types\/tratamentos"}],"wp:attachment":[{"href":"https:\/\/allprot.com.br\/web\/wp-json\/wp\/v2\/media?parent=673"}],"curies":[{"name":"wp","href":"https:\/\/api.w.org\/{rel}","templated":true}]}}

TRATAMENTO CONTRA RADIAÇÃO UV

<p>É vital que o olho esteja adequadamente protegido contra os efeitos prejudiciais da radiação ultravioleta. Essa radiação, normalmente presente na luz solar e em ambientes a céu aberto, também pode ser encontrada em lâmpadas especificas e equipamentos eletrônicos.</p>



<p>Seus efeitos nocivos também podem ser amplificados em superfícies como água, neve, areia branca e até superfícies metálicas. Os danos decorrentes de sua exposição são acumulativos e permanentes, levando a doenças como a catarata laboral e, em alguns casos, câncer de pele. Como a região dos olhos tem uma camada fina e sensível de pele, nada melhor do que proteger seus olhos desses efeitos nocivos.</p>



<p>Ao contrario do que muitos pensam, lentes incolores também podem ter proteção adicional contra radiação ultravioleta, não necessitando de qualquer coloração extra.</p>

<!-- This site is optimized with the Yoast SEO plugin v20.6 - https://yoast.com/wordpress/plugins/seo/ -->
<title>TRATAMENTO CONTRA RADIAÇÃO UV - Allprot - Materiais de Segurança</title>
<meta name="robots" content="index, follow, max-snippet:-1, max-image-preview:large, max-video-preview:-1" />
<link rel="canonical" href="https://allprot.com.br/web/tratamentos/tratamento-contra-radiacao-uv/" />
<meta property="og:locale" content="pt_BR" />
<meta property="og:type" content="article" />
<meta property="og:title" content="TRATAMENTO CONTRA RADIAÇÃO UV - Allprot - Materiais de Segurança" />
<meta property="og:description" content="É vital que o olho esteja adequadamente protegido contra os efeitos prejudiciais da radiação ultravioleta. Essa radiação, normalmente presente na luz solar e em ambientes a céu aberto, também pode ser encontrada em lâmpadas especificas e equipamentos eletrônicos. Seus efeitos nocivos também podem ser amplificados em superfícies como água, neve, areia branca e até superfícies [&hellip;]" />
<meta property="og:url" content="https://allprot.com.br/web/tratamentos/tratamento-contra-radiacao-uv/" />
<meta property="og:site_name" content="Allprot - Materiais de Segurança" />
<meta name="twitter:card" content="summary_large_image" />
<meta name="twitter:label1" content="Est. tempo de leitura" />
	<meta name="twitter:data1" content="1 minuto" />
<script type="application/ld+json" class="yoast-schema-graph">{"@context":"https://schema.org","@graph":[{"@type":"WebPage","@id":"https://allprot.com.br/web/tratamentos/tratamento-contra-radiacao-uv/","url":"https://allprot.com.br/web/tratamentos/tratamento-contra-radiacao-uv/","name":"TRATAMENTO CONTRA RADIAÇÃO UV - Allprot - Materiais de Segurança","isPartOf":{"@id":"https://allprot.com.br/web/#website"},"datePublished":"2022-07-03T23:47:34+00:00","dateModified":"2022-07-03T23:47:34+00:00","breadcrumb":{"@id":"https://allprot.com.br/web/tratamentos/tratamento-contra-radiacao-uv/#breadcrumb"},"inLanguage":"pt-BR","potentialAction":[{"@type":"ReadAction","target":["https://allprot.com.br/web/tratamentos/tratamento-contra-radiacao-uv/"]}]},{"@type":"BreadcrumbList","@id":"https://allprot.com.br/web/tratamentos/tratamento-contra-radiacao-uv/#breadcrumb","itemListElement":[{"@type":"ListItem","position":1,"name":"Home","item":"https://allprot.com.br/web/"},{"@type":"ListItem","position":2,"name":"TRATAMENTO CONTRA RADIAÇÃO UV"}]},{"@type":"WebSite","@id":"https://allprot.com.br/web/#website","url":"https://allprot.com.br/web/","name":"Allprot - Materiais de Segurança","description":"Fabricante de óculos de segurança com lentes graduadas. A maior oferta de armações do mercado brasileiro. Prazo de entrega imbatível e as melhores condições comerciais que você pode querer. Atendimento em todo o território nacional e mais de 3.000 pontos de atendimento.","publisher":{"@id":"https://allprot.com.br/web/#organization"},"potentialAction":[{"@type":"SearchAction","target":{"@type":"EntryPoint","urlTemplate":"https://allprot.com.br/web/?s={search_term_string}"},"query-input":"required name=search_term_string"}],"inLanguage":"pt-BR"},{"@type":"Organization","@id":"https://allprot.com.br/web/#organization","name":"Allprot - Materiais de Segurança","url":"https://allprot.com.br/web/","logo":{"@type":"ImageObject","inLanguage":"pt-BR","@id":"https://allprot.com.br/web/#/schema/logo/image/","url":"https://allprot.com.br/web/wp-content/uploads/2022/07/cropped-Favicon-2.png","contentUrl":"https://allprot.com.br/web/wp-content/uploads/2022/07/cropped-Favicon-2.png","width":512,"height":382,"caption":"Allprot - Materiais de Segurança"},"image":{"@id":"https://allprot.com.br/web/#/schema/logo/image/"}}]}</script>
<!-- / Yoast SEO plugin. -->

TRATAMENTO CONTRA RADIAÇÃO UV - Allprot - Materiais de Segurança

É vital que o olho esteja adequadamente protegido contra os efeitos prejudiciais da radiação ultravioleta. Essa radiação, normalmente presente na luz solar e em ambientes a céu aberto, também pode ser encontrada em lâmpadas especificas e equipamentos eletrônicos. Seus efeitos nocivos também podem ser amplificados em superfícies como água, neve, areia branca e até superfícies [&hellip;]

Allprot - Materiais de Segurança

Fabricante de óculos de segurança com lentes graduadas. A maior oferta de armações do mercado brasileiro. Prazo de entrega imbatível e as melhores condições comerciais que você pode querer. Atendimento em todo o território nacional e mais de 3.000 pontos de atendimento.
