{"id":1260,"date":"2023-02-05T11:27:14","date_gmt":"2023-02-05T14:27:14","guid":{"rendered":"https:\/\/allprot.com.br\/web\/?post_type=protetores_faciais&#038;p=1260"},"modified":"2023-02-16T14:58:45","modified_gmt":"2023-02-16T17:58:45","slug":"prevent-shield","status":"publish","type":"protetores_faciais","link":"https:\/\/allprot.com.br\/web\/protetores_faciais\/prevent-shield\/","title":{"rendered":"PREVENT SHIELD"},"content":{"rendered":"\n<p><strong>Protetor facial indicado para:<\/strong><\/p>\n\n\n\n<ul>\n<li>impacto de part\u00edculas&nbsp;de baixa velocidade<\/li>\n\n\n\n<li>preserva\u00e7\u00e3o&nbsp;das lentes de \u00f3culos de seguran\u00e7a em situa\u00e7\u00f5es que as lentes possam ser danificadas pela atividade executada.<\/li>\n\n\n\n<li>contra contaminantes de origem biol\u00f3gica, sempre associado a prote\u00e7\u00e3o&nbsp;respirat\u00f3ria&nbsp;adequada.<\/li>\n<\/ul>\n\n\n\n<p><strong>Vantagens:<\/strong><\/p>\n\n\n\n<ul>\n<li>melhor custo<\/li>\n\n\n\n<li>f\u00e1cil&nbsp;reposi\u00e7\u00e3o e troca do visor e da cinta de regulagem<\/li>\n\n\n\n<li>produto com Certificado de Aprova\u00e7\u00e3o.<\/li>\n<\/ul>\n\n\n\n<p>Visor confeccionado em petg incolor.<\/p>\n\n\n\n<p>Tamanho \u00fanico.<\/p>\n\n\n\n<p>Regulagem por fita el\u00e1stica confeccionada em PVC<\/p>\n","protected":false},"featured_media":1354,"template":"","acf":[],"yoast_head":"<!-- This site is optimized with the Yoast SEO plugin v20.6 - https:\/\/yoast.com\/wordpress\/plugins\/seo\/ -->\n<title>PREVENT SHIELD - Allprot - Materiais de Seguran\u00e7a<\/title>\n<meta name=\"robots\" content=\"index, follow, max-snippet:-1, max-image-preview:large, max-video-preview:-1\" \/>\n<link rel=\"canonical\" href=\"https:\/\/allprot.com.br\/web\/protetores_faciais\/prevent-shield\/\" \/>\n<meta property=\"og:locale\" content=\"pt_BR\" \/>\n<meta property=\"og:type\" content=\"article\" \/>\n<meta property=\"og:title\" content=\"PREVENT SHIELD - Allprot - Materiais de Seguran\u00e7a\" \/>\n<meta property=\"og:description\" content=\"Protetor facial indicado para: Vantagens: Visor confeccionado em petg incolor. Tamanho \u00fanico. Regulagem por fita el\u00e1stica confeccionada em PVC\" \/>\n<meta property=\"og:url\" content=\"https:\/\/allprot.com.br\/web\/protetores_faciais\/prevent-shield\/\" \/>\n<meta property=\"og:site_name\" content=\"Allprot - Materiais de Seguran\u00e7a\" \/>\n<meta property=\"article:modified_time\" content=\"2023-02-16T17:58:45+00:00\" \/>\n<meta property=\"og:image\" content=\"https:\/\/allprot.com.br\/web\/wp-content\/uploads\/2023\/02\/preventshield.png\" \/>\n\t<meta property=\"og:image:width\" content=\"1920\" \/>\n\t<meta property=\"og:image:height\" content=\"1080\" \/>\n\t<meta property=\"og:image:type\" content=\"image\/png\" \/>\n<meta name=\"twitter:card\" content=\"summary_large_image\" \/>\n<script type=\"application\/ld+json\" class=\"yoast-schema-graph\">{\"@context\":\"https:\/\/schema.org\",\"@graph\":[{\"@type\":\"WebPage\",\"@id\":\"https:\/\/allprot.com.br\/web\/protetores_faciais\/prevent-shield\/\",\"url\":\"https:\/\/allprot.com.br\/web\/protetores_faciais\/prevent-shield\/\",\"name\":\"PREVENT SHIELD - Allprot - Materiais de Seguran\u00e7a\",\"isPartOf\":{\"@id\":\"https:\/\/allprot.com.br\/web\/#website\"},\"datePublished\":\"2023-02-05T14:27:14+00:00\",\"dateModified\":\"2023-02-16T17:58:45+00:00\",\"breadcrumb\":{\"@id\":\"https:\/\/allprot.com.br\/web\/protetores_faciais\/prevent-shield\/#breadcrumb\"},\"inLanguage\":\"pt-BR\",\"potentialAction\":[{\"@type\":\"ReadAction\",\"target\":[\"https:\/\/allprot.com.br\/web\/protetores_faciais\/prevent-shield\/\"]}]},{\"@type\":\"BreadcrumbList\",\"@id\":\"https:\/\/allprot.com.br\/web\/protetores_faciais\/prevent-shield\/#breadcrumb\",\"itemListElement\":[{\"@type\":\"ListItem\",\"position\":1,\"name\":\"Home\",\"item\":\"https:\/\/allprot.com.br\/web\/\"},{\"@type\":\"ListItem\",\"position\":2,\"name\":\"PREVENT SHIELD\"}]},{\"@type\":\"WebSite\",\"@id\":\"https:\/\/allprot.com.br\/web\/#website\",\"url\":\"https:\/\/allprot.com.br\/web\/\",\"name\":\"Allprot - Materiais de Seguran\u00e7a\",\"description\":\"Fabricante de \u00f3culos de seguran\u00e7a com lentes graduadas. A maior oferta de arma\u00e7\u00f5es do mercado brasileiro. Prazo de entrega imbat\u00edvel e as melhores condi\u00e7\u00f5es comerciais que voc\u00ea pode querer. Atendimento em todo o territ\u00f3rio nacional e mais de 3.000 pontos de atendimento.\",\"publisher\":{\"@id\":\"https:\/\/allprot.com.br\/web\/#organization\"},\"potentialAction\":[{\"@type\":\"SearchAction\",\"target\":{\"@type\":\"EntryPoint\",\"urlTemplate\":\"https:\/\/allprot.com.br\/web\/?s={search_term_string}\"},\"query-input\":\"required name=search_term_string\"}],\"inLanguage\":\"pt-BR\"},{\"@type\":\"Organization\",\"@id\":\"https:\/\/allprot.com.br\/web\/#organization\",\"name\":\"Allprot - Materiais de Seguran\u00e7a\",\"url\":\"https:\/\/allprot.com.br\/web\/\",\"logo\":{\"@type\":\"ImageObject\",\"inLanguage\":\"pt-BR\",\"@id\":\"https:\/\/allprot.com.br\/web\/#\/schema\/logo\/image\/\",\"url\":\"https:\/\/allprot.com.br\/web\/wp-content\/uploads\/2022\/07\/cropped-Favicon-2.png\",\"contentUrl\":\"https:\/\/allprot.com.br\/web\/wp-content\/uploads\/2022\/07\/cropped-Favicon-2.png\",\"width\":512,\"height\":382,\"caption\":\"Allprot - Materiais de Seguran\u00e7a\"},\"image\":{\"@id\":\"https:\/\/allprot.com.br\/web\/#\/schema\/logo\/image\/\"}}]}<\/script>\n<!-- \/ Yoast SEO plugin. -->","yoast_head_json":{"title":"PREVENT SHIELD - Allprot - Materiais de Seguran\u00e7a","robots":{"index":"index","follow":"follow","max-snippet":"max-snippet:-1","max-image-preview":"max-image-preview:large","max-video-preview":"max-video-preview:-1"},"canonical":"https:\/\/allprot.com.br\/web\/protetores_faciais\/prevent-shield\/","og_locale":"pt_BR","og_type":"article","og_title":"PREVENT SHIELD - Allprot - Materiais de Seguran\u00e7a","og_description":"Protetor facial indicado para: Vantagens: Visor confeccionado em petg incolor. Tamanho \u00fanico. Regulagem por fita el\u00e1stica confeccionada em PVC","og_url":"https:\/\/allprot.com.br\/web\/protetores_faciais\/prevent-shield\/","og_site_name":"Allprot - Materiais de Seguran\u00e7a","article_modified_time":"2023-02-16T17:58:45+00:00","og_image":[{"width":1920,"height":1080,"url":"https:\/\/allprot.com.br\/web\/wp-content\/uploads\/2023\/02\/preventshield.png","type":"image\/png"}],"twitter_card":"summary_large_image","schema":{"@context":"https:\/\/schema.org","@graph":[{"@type":"WebPage","@id":"https:\/\/allprot.com.br\/web\/protetores_faciais\/prevent-shield\/","url":"https:\/\/allprot.com.br\/web\/protetores_faciais\/prevent-shield\/","name":"PREVENT SHIELD - Allprot - Materiais de Seguran\u00e7a","isPartOf":{"@id":"https:\/\/allprot.com.br\/web\/#website"},"datePublished":"2023-02-05T14:27:14+00:00","dateModified":"2023-02-16T17:58:45+00:00","breadcrumb":{"@id":"https:\/\/allprot.com.br\/web\/protetores_faciais\/prevent-shield\/#breadcrumb"},"inLanguage":"pt-BR","potentialAction":[{"@type":"ReadAction","target":["https:\/\/allprot.com.br\/web\/protetores_faciais\/prevent-shield\/"]}]},{"@type":"BreadcrumbList","@id":"https:\/\/allprot.com.br\/web\/protetores_faciais\/prevent-shield\/#breadcrumb","itemListElement":[{"@type":"ListItem","position":1,"name":"Home","item":"https:\/\/allprot.com.br\/web\/"},{"@type":"ListItem","position":2,"name":"PREVENT SHIELD"}]},{"@type":"WebSite","@id":"https:\/\/allprot.com.br\/web\/#website","url":"https:\/\/allprot.com.br\/web\/","name":"Allprot - Materiais de Seguran\u00e7a","description":"Fabricante de \u00f3culos de seguran\u00e7a com lentes graduadas. A maior oferta de arma\u00e7\u00f5es do mercado brasileiro. Prazo de entrega imbat\u00edvel e as melhores condi\u00e7\u00f5es comerciais que voc\u00ea pode querer. Atendimento em todo o territ\u00f3rio nacional e mais de 3.000 pontos de atendimento.","publisher":{"@id":"https:\/\/allprot.com.br\/web\/#organization"},"potentialAction":[{"@type":"SearchAction","target":{"@type":"EntryPoint","urlTemplate":"https:\/\/allprot.com.br\/web\/?s={search_term_string}"},"query-input":"required name=search_term_string"}],"inLanguage":"pt-BR"},{"@type":"Organization","@id":"https:\/\/allprot.com.br\/web\/#organization","name":"Allprot - Materiais de Seguran\u00e7a","url":"https:\/\/allprot.com.br\/web\/","logo":{"@type":"ImageObject","inLanguage":"pt-BR","@id":"https:\/\/allprot.com.br\/web\/#\/schema\/logo\/image\/","url":"https:\/\/allprot.com.br\/web\/wp-content\/uploads\/2022\/07\/cropped-Favicon-2.png","contentUrl":"https:\/\/allprot.com.br\/web\/wp-content\/uploads\/2022\/07\/cropped-Favicon-2.png","width":512,"height":382,"caption":"Allprot - Materiais de Seguran\u00e7a"},"image":{"@id":"https:\/\/allprot.com.br\/web\/#\/schema\/logo\/image\/"}}]}},"_links":{"self":[{"href":"https:\/\/allprot.com.br\/web\/wp-json\/wp\/v2\/protetores_faciais\/1260"}],"collection":[{"href":"https:\/\/allprot.com.br\/web\/wp-json\/wp\/v2\/protetores_faciais"}],"about":[{"href":"https:\/\/allprot.com.br\/web\/wp-json\/wp\/v2\/types\/protetores_faciais"}],"version-history":[{"count":4,"href":"https:\/\/allprot.com.br\/web\/wp-json\/wp\/v2\/protetores_faciais\/1260\/revisions"}],"predecessor-version":[{"id":1275,"href":"https:\/\/allprot.com.br\/web\/wp-json\/wp\/v2\/protetores_faciais\/1260\/revisions\/1275"}],"wp:featuredmedia":[{"embeddable":true,"href":"https:\/\/allprot.com.br\/web\/wp-json\/wp\/v2\/media\/1354"}],"wp:attachment":[{"href":"https:\/\/allprot.com.br\/web\/wp-json\/wp\/v2\/media?parent=1260"}],"curies":[{"name":"wp","href":"https:\/\/api.w.org\/{rel}","templated":true}]}}

<p><strong>Protetor facial indicado para:</strong></p>



<ul>
<li>impacto de partículas&nbsp;de baixa velocidade</li>



<li>preservação&nbsp;das lentes de óculos de segurança em situações que as lentes possam ser danificadas pela atividade executada.</li>



<li>contra contaminantes de origem biológica, sempre associado a proteção&nbsp;respiratória&nbsp;adequada.</li>
</ul>



<p><strong>Vantagens:</strong></p>



<ul>
<li>melhor custo</li>



<li>fácil&nbsp;reposição e troca do visor e da cinta de regulagem</li>



<li>produto com Certificado de Aprovação.</li>
</ul>



<p>Visor confeccionado em petg incolor.</p>



<p>Tamanho único.</p>



<p>Regulagem por fita elástica confeccionada em PVC</p>

<!-- This site is optimized with the Yoast SEO plugin v20.6 - https://yoast.com/wordpress/plugins/seo/ -->
<title>PREVENT SHIELD - Allprot - Materiais de Segurança</title>
<meta name="robots" content="index, follow, max-snippet:-1, max-image-preview:large, max-video-preview:-1" />
<link rel="canonical" href="https://allprot.com.br/web/protetores_faciais/prevent-shield/" />
<meta property="og:locale" content="pt_BR" />
<meta property="og:type" content="article" />
<meta property="og:title" content="PREVENT SHIELD - Allprot - Materiais de Segurança" />
<meta property="og:description" content="Protetor facial indicado para: Vantagens: Visor confeccionado em petg incolor. Tamanho único. Regulagem por fita elástica confeccionada em PVC" />
<meta property="og:url" content="https://allprot.com.br/web/protetores_faciais/prevent-shield/" />
<meta property="og:site_name" content="Allprot - Materiais de Segurança" />
<meta property="article:modified_time" content="2023-02-16T17:58:45+00:00" />
<meta property="og:image" content="https://allprot.com.br/web/wp-content/uploads/2023/02/preventshield.png" />
	<meta property="og:image:width" content="1920" />
	<meta property="og:image:height" content="1080" />
	<meta property="og:image:type" content="image/png" />
<meta name="twitter:card" content="summary_large_image" />
<script type="application/ld+json" class="yoast-schema-graph">{"@context":"https://schema.org","@graph":[{"@type":"WebPage","@id":"https://allprot.com.br/web/protetores_faciais/prevent-shield/","url":"https://allprot.com.br/web/protetores_faciais/prevent-shield/","name":"PREVENT SHIELD - Allprot - Materiais de Segurança","isPartOf":{"@id":"https://allprot.com.br/web/#website"},"datePublished":"2023-02-05T14:27:14+00:00","dateModified":"2023-02-16T17:58:45+00:00","breadcrumb":{"@id":"https://allprot.com.br/web/protetores_faciais/prevent-shield/#breadcrumb"},"inLanguage":"pt-BR","potentialAction":[{"@type":"ReadAction","target":["https://allprot.com.br/web/protetores_faciais/prevent-shield/"]}]},{"@type":"BreadcrumbList","@id":"https://allprot.com.br/web/protetores_faciais/prevent-shield/#breadcrumb","itemListElement":[{"@type":"ListItem","position":1,"name":"Home","item":"https://allprot.com.br/web/"},{"@type":"ListItem","position":2,"name":"PREVENT SHIELD"}]},{"@type":"WebSite","@id":"https://allprot.com.br/web/#website","url":"https://allprot.com.br/web/","name":"Allprot - Materiais de Segurança","description":"Fabricante de óculos de segurança com lentes graduadas. A maior oferta de armações do mercado brasileiro. Prazo de entrega imbatível e as melhores condições comerciais que você pode querer. Atendimento em todo o território nacional e mais de 3.000 pontos de atendimento.","publisher":{"@id":"https://allprot.com.br/web/#organization"},"potentialAction":[{"@type":"SearchAction","target":{"@type":"EntryPoint","urlTemplate":"https://allprot.com.br/web/?s={search_term_string}"},"query-input":"required name=search_term_string"}],"inLanguage":"pt-BR"},{"@type":"Organization","@id":"https://allprot.com.br/web/#organization","name":"Allprot - Materiais de Segurança","url":"https://allprot.com.br/web/","logo":{"@type":"ImageObject","inLanguage":"pt-BR","@id":"https://allprot.com.br/web/#/schema/logo/image/","url":"https://allprot.com.br/web/wp-content/uploads/2022/07/cropped-Favicon-2.png","contentUrl":"https://allprot.com.br/web/wp-content/uploads/2022/07/cropped-Favicon-2.png","width":512,"height":382,"caption":"Allprot - Materiais de Segurança"},"image":{"@id":"https://allprot.com.br/web/#/schema/logo/image/"}}]}</script>
<!-- / Yoast SEO plugin. -->

PREVENT SHIELD - Allprot - Materiais de Segurança

Protetor facial indicado para: Vantagens: Visor confeccionado em petg incolor. Tamanho único. Regulagem por fita elástica confeccionada em PVC

Allprot - Materiais de Segurança

Fabricante de óculos de segurança com lentes graduadas. A maior oferta de armações do mercado brasileiro. Prazo de entrega imbatível e as melhores condições comerciais que você pode querer. Atendimento em todo o território nacional e mais de 3.000 pontos de atendimento.
